. Suppose -10*w = -1163 - r. Calculate the remainder when w is divided by 9/6 + 86/4.
22
Suppose 2*d + 17 = 27, 3*d = -2*u + 649. What is the remainder when u is divided by 130?
57
Let x(v) = 8*v - 160. Let o(n) = 38*n - 47. Let d be o(2). What is the remainder when 791 is divided by x(d)?
71
Suppose 2 = -2*t + 4. Let d = t - -7. Suppose -162*y + 160*y - 3*n = -94, 0 = 4*y + 4*n - 196. What is the remainder when y is divided by d?
5
What is the remainder when ((-602)/(-8) - -2)*(-80)/540*-9 is divided by 54?
49
Let y be (-6)/(-1 - 123/(-132)). Let r be y/(-110)*15/(-2). Calculate the remainder when (-296)/(-7) + r/(-21) is divided by 15.
12
Let o(c) = 7*c**3 + 5*c**2 + 23*c. Let n be o(-4). Let v = -439 - n. What is the remainder when v is divided by 11?
10
Let c be -3*(-4 - (-15)/9). Suppose c*w = 21 - 7. Suppose -2*z - k = -0*z - 19, -3*z + 46 = -w*k. What is the remainder when 107 is divided by z?
11
What is the remainder when (-7)/(147/(-1527)) - (-13)/(273/6) is divided by (30/4)/(3/6)?
13
Suppose -d = 2*w + 3*d - 34, 2*d = -4. What is the remainder when ((-36)/(-30))/((120/(-425))/(-24)) is divided by w?
18
Suppose -2421 - 7035 = -8*m. Suppose -29*o = -23*o - m. What is the remainder when o is divided by 6?
5
Suppose 3*w + 3957 = -31*a + 36*a, 4*a - w - 3174 = 0. What is the remainder when a is divided by 108?
39
Let i(s) = -382*s + 4735. What is the remainder when i(-11) is divided by 7?
5
Suppose -59*l - 87*l = -236327 + 71931. Calculate the remainder when 5648 is divided by l.
18
Let r(q) = 21*q**3 - 12*q**2 + 34*q + 5. Let b be r(3). Let j = -414 + b. Calculate the remainder when j is divided by 79.
73
Suppose 0 = -354*b + 15929520 + 3769872. Calculate the remainder when b is divided by 210.
208
Let n(q) = -q**2 - q - 2. Let w(i) = -5*i**2 + 12*i - 41. Let y(k) = -4*n(k) + w(k). What is the remainder when 64 is divided by y(5)?
20
Let z = 203 + -448. Let s = z - -396. Suppose 34 - s = -9*c. Calculate the remainder when c is divided by 6.
1
Let m(d) = 5*d - 46. Suppose 5*c + 14 = -t + 68, -2*c + 293 = 5*t. Calculate the remainder when m(26) is divided by t.
25
Let q be 26/(-273) + (-4)/(-42). Suppose -7*k + 465 - 73 = q. What is the remainder when k is divided by 3/((36/88)/3)?
12
Let x(k) = -5 + 15*k - 2 - 11 + 19. Calculate the remainder when x(2) is divided by 13.
5
Suppose -28*c + 8082 = -1718. What is the remainder when c is divided by 72?
62
Let z = 34636 + -31963. What is the remainder when z is divided by 206?
201
Let b = 2778 - 2694. Calculate the remainder when 563 is divided by b.
59
Suppose -46*f = -48*f - 4*t + 240, 4*t - 464 = -4*f. Calculate the remainder when f is divided by 23.
20
Suppose 3*r - 15*r - 360 = 0. Let b = r + 44. Calculate the remainder when 54/((-4)/b - (-80)/84) is divided by 14.
11
Let a(d) = 2*d**2 - 48*d - 13. Let k(z) = -48*z - 167. Let l be k(-4). Calculate the remainder when 476 is divided by a(l).
32
Suppose c + 3*z - 146 = 0, -4*c - 271 = 5*z - 904. Calculate the remainder when 236 is divided by c.
69
Let x(m) = -3*m + 32. Let f(y) = 3 + 8*y - 9*y - 2. Let v(q) = -5*f(q) + x(q). Calculate the remainder when v(8) is divided by 22.
21
Let k(s) = -223*s - 1276. Calculate the remainder when 10539 is divided by k(-6).
61
Suppose 0 = 166*h - 158*h + 16. What is the remainder when h/11 + 28126/539 is divided by 3/(6/4) - -17?
14
Suppose 0 = 2*x - 5*i + 2, -6*i + 2*i + 8 = 0. Suppose -3*d - 455 = -x*a + 3*a, -2*d = -3*a + 1386. Calculate the remainder when a is divided by 78.
74
Suppose 171 + 157 = 4*r - 276. What is the remainder when 585 is divided by r?
132
Suppose -511 = -3*s + 4*s + 2*a, -s - 5*a = 502. Suppose -51*r + 9*r = -798. Calculate the remainder when (s/(-44))/((-2)/(-16)) is divided by r.
18
Suppose 4*z - 136 = 116. Suppose 22*n = 200 + 86. What is the remainder when z is divided by n?
11
Let h(i) = -i**2 - 30*i - 75. Let p be h(-22). Suppose 3*r + p = 251. What is the remainder when r is divided by 13?
11
Let r = -588 + 567. Suppose -5*y + 17 + 58 = 0. What is the remainder when (0 - -3)/(r/(-1043)) - 1 is divided by y?
13
Let v be 656/12*3/(-1). Let z = -265 - v. Let k = z - -182. What is the remainder when k is divided by 42?
39
Let o(s) = 126*s - 4029. Calculate the remainder when 1 + -1 - (-20 - 0) is divided by o(32).
2
Suppose 2 - 8 = -3*z. Suppose 5*u - 2*i = -0*i + 388, -5*i + 161 = z*u. Let g = u + -56. Calculate the remainder when 32 is divided by g.
10
Let o = 56 + -25. Let b = 178138 - 177954. Calculate the remainder when b is divided by o.
29
Let y(b) = 3*b**2 - 26*b - 155. Calculate the remainder when 779 is divided by y(15).
129
Let k be (-42)/(-28)*(-16 - 2). What is the remainder when 176 is divided by (4 - 2)/((-9)/k)?
2
Suppose 1 = w, -7*s + 12*s - w = -56. Let r(o) = -o**2 - 14*o + 6. Calculate the remainder when r(s) is divided by 15.
9
Let v = -236 - -309. What is the remainder when v is divided by 65?
8
Let l = -11541 - -11560. What is the remainder when 1262 is divided by l?
8
Let o(w) = 2*w**2 + 3*w + 3. Suppose -8*q = -25 + 1. Let u be o(q). Suppose -35*p = -u*p - 165. What is the remainder when p is divided by 7?
5
Let t = -188227 + 188439. Suppose 4*q = -u + 74, 108 - 329 = -4*u - q. Calculate the remainder when t is divided by u.
50
Let v = 98 - 90. Suppose 442 + 246 = v*t. Suppose 3*u = 2*b - 44, u + 0 = -4*b + 88. What is the remainder when t is divided by b?
20
Suppose 1511*y - 1500*y = 209. What is the remainder when 601 is divided by y?
12
What is the remainder when ((-482750)/35)/(-10) - (-12)/210*-5 is divided by 687?
5
Let n(k) = k**2 - 8*k - 3. Let s be -3 + 0/((-6)/6). What is the remainder when 60 is divided by n(s)?
0
Suppose 0 = 2*y + 16*h - 15*h - 227, 0 = h + 1. Suppose 0 = 3*j + 3*a - 111 + 30, -113 = -4*j - 3*a. What is the remainder when y is divided by j?
18
Suppose -3*j + 2*s + 34 = -2*j, -2*j = 3*s - 82. Calculate the remainder when ((-81)/6)/(-9)*j is divided by -10*((-15)/12 - (-3)/12).
7
Let z(j) = -643*j - 14073. Suppose 5*t + 43 - 1128 = -5*m, 0 = -5*m + 3*t + 1093. Calculate the remainder when m is divided by z(-22).
72
Let v = 6894 + -5329. Calculate the remainder when v is divided by 56.
53
Suppose 0 = 39*p - 43*p + 4*i + 32, 0 = -3*p - 5*i + 56. Calculate the remainder when 156 is divided by p.
0
Let v(b) = -b**2 + 9*b + 2. Let j be v(4). Suppose -3*f + j = 4*m - 64, f + m = 30. Suppose -5*z = -2*z - 36. Calculate the remainder when f is divided by z.
10
Let y = 19 - -24. Suppose -x + 4*h = -h - 67, 17 = x + 5*h. Suppose -4*o + 319 = -3*j, -o + 112 - x = -4*j. Calculate the remainder when o is divided by y.
39
Suppose -k + 34 = -0. Calculate the remainder when k is divided by ((-2)/4*-40)/2 - (3 + -1).
2
Let z = 2458 + -2395. Calculate the remainder when z is divided by 61.
2
Let m be (-285)/(-152) - (-1)/8. Suppose -3*n - 540 = -3*s + 99, 5*n = m*s - 426. Calculate the remainder when s is divided by 12.
9
Suppose -4*i + 3*x + 180 = 21, 5*x + 111 = 3*i. Suppose -9*w - i = -15*w. Calculate the remainder when 33 is divided by w.
5
Let h = -55 - -58. Suppose h*c - 2*x + 0*x - 21 = 0, 3*c - 6 = -3*x. Suppose -v + 30 = -l + 6*l, 0 = -v - c. What is the remainder when 20 is divided by l?
6
Let s be (0 + (-5)/(-3))/(2/6). Suppose -4*k - s*k - 9 = 0. Calculate the remainder when (16/(-6))/k*24 is divided by 17.
13
Let c(b) = -b**2 - 17*b - 28. Let l be c(-13). Suppose 24 = -3*w + 3*o, 2*w - o = -3*w - l. Calculate the remainder when 63 is divided by w/4*-14 - 4/(-2).
15
Let h be (3/7)/((-1)/(-7)). Let u(k) = 1 - 4*k**3 - h*k**2 - 620*k + 3*k**3 + 625*k. Calculate the remainder when 43 is divided by u(-5).
17
Suppose 22*s - 294 = -8. What is the remainder when 268 is divided by 13/s*(3 + 13*4)?
48
Let w = -5 - -9. Let i(t) = 31*t - 88. Let x be i(8). Let g = x + -145. Calculate the remainder when g is divided by w.
3
Let q = -182 + 138. Let r = 56 + q. Calculate the remainder when 13 is divided by r.
1
Let q be (-24)/4 - (-8)/((-56)/1799). Let i = q + 341. Calculate the remainder when 1245 is divided by i.
75
Suppose 6*p + 185 + 1 = 0. Let j = p - -35. What is the remainder when 124 is divided by 23 + ((-4)/5)/(j/(-10))?
24
Let k = 44 + -51. What is the remainder when ((-1524)/420 + (-3)/k)*-10 is divided by 7?
4
Let h = 4151 + -3634